{"version":"1.0","provider_name":"Mediterranean Day","provider_url":"https:\/\/mediterraneanday.com\/ca","title":"Concert Dia de la Mediterr\u00e0nia 2025","type":"rich","width":600,"height":338,"html":"<blockquote class=\"wp-embedded-content\" data-secret=\"x5G0M0hhr4\"><a href=\"https:\/\/mediterraneanday.com\/ca\/events\/concert-2025\">Concert Dia de la Mediterr\u00e0nia 2025<\/a><\/blockquote><iframe sandbox=\"allow-scripts\" security=\"restricted\" src=\"https:\/\/mediterraneanday.com\/ca\/events\/concert-2025\/embed#?secret=x5G0M0hhr4\" width=\"600\" height=\"338\" title=\"&#8220;Concert Dia de la Mediterr\u00e0nia 2025&#8221; &#8212; Mediterranean Day\" data-secret=\"x5G0M0hhr4\" frameborder=\"0\" marginwidth=\"0\" marginheight=\"0\" scrolling=\"no\" class=\"wp-embedded-content\"><\/iframe><script>\n\/*! This file is auto-generated *\/\n!function(d,l){\"use strict\";l.querySelector&&d.addEventListener&&\"undefined\"!=typeof URL&&(d.wp=d.wp||{},d.wp.receiveEmbedMessage||(d.wp.receiveEmbedMessage=function(e){var t=e.data;if((t||t.secret||t.message||t.value)&&!\/[^a-zA-Z0-9]\/.test(t.secret)){for(var s,r,n,a=l.querySelectorAll('iframe[data-secret=\"'+t.secret+'\"]'),o=l.querySelectorAll('blockquote[data-secret=\"'+t.secret+'\"]'),c=new RegExp(\"^https?:$\",\"i\"),i=0;i<o.length;i++)o[i].style.display=\"none\";for(i=0;i<a.length;i++)s=a[i],e.source===s.contentWindow&&(s.removeAttribute(\"style\"),\"height\"===t.message?(1e3<(r=parseInt(t.value,10))?r=1e3:~~r<200&&(r=200),s.height=r):\"link\"===t.message&&(r=new URL(s.getAttribute(\"src\")),n=new URL(t.value),c.test(n.protocol))&&n.host===r.host&&l.activeElement===s&&(d.top.location.href=t.value))}},d.addEventListener(\"message\",d.wp.receiveEmbedMessage,!1),l.addEventListener(\"DOMContentLoaded\",function(){for(var e,t,s=l.querySelectorAll(\"iframe.wp-embedded-content\"),r=0;r<s.length;r++)(t=(e=s[r]).getAttribute(\"data-secret\"))||(t=Math.random().toString(36).substring(2,12),e.src+=\"#?secret=\"+t,e.setAttribute(\"data-secret\",t)),e.contentWindow.postMessage({message:\"ready\",secret:t},\"*\")},!1)))}(window,document);\n\/\/# sourceURL=https:\/\/mediterraneanday.com\/wp-includes\/js\/wp-embed.min.js\n<\/script>\n","description":"Concert del Dia de la Mediterr\u00e0nia a Barcelona 2025 Concert en directe: \ufeff 28 de novembre de 2025, 20 h, Petit Palau, Barcelona. Enguany, el Dia de la Mediterr\u00e0nia adquireix una dimensi\u00f3 especial en coincidir amb el 30\u00e8 aniversari del Proc\u00e9s de Barcelona. Tres d\u00e8cades despr\u00e9s, Barcelona torna a ser un punt de trobada per ... Llegiu m\u00e9s","thumbnail_url":"https:\/\/mediterraneanday.com\/wp-content\/uploads\/2025\/10\/concert-2560x479px_CAT-scaled-1-1.jpg","thumbnail_width":2560,"thumbnail_height":479}

Concert Dia de la Mediterrània 2025

<blockquote class="wp-embedded-content" data-secret="x5G0M0hhr4"><a href="https://mediterraneanday.com/ca/events/concert-2025">Concert Dia de la Mediterrània 2025</a></blockquote><iframe sandbox="allow-scripts" security="restricted" src="https://mediterraneanday.com/ca/events/concert-2025/embed#?secret=x5G0M0hhr4" width="600" height="338" title="&#8220;Concert Dia de la Mediterrània 2025&#8221; &#8212; Mediterranean Day" data-secret="x5G0M0hhr4" frameborder="0" marginwidth="0" marginheight="0" scrolling="no" class="wp-embedded-content"></iframe><script>
/*! This file is auto-generated */
!function(d,l){"use strict";l.querySelector&&d.addEventListener&&"undefined"!=typeof URL&&(d.wp=d.wp||{},d.wp.receiveEmbedMessage||(d.wp.receiveEmbedMessage=function(e){var t=e.data;if((t||t.secret||t.message||t.value)&&!/[^a-zA-Z0-9]/.test(t.secret)){for(var s,r,n,a=l.querySelectorAll('iframe[data-secret="'+t.secret+'"]'),o=l.querySelectorAll('blockquote[data-secret="'+t.secret+'"]'),c=new RegExp("^https?:$","i"),i=0;i<o.length;i++)o[i].style.display="none";for(i=0;i<a.length;i++)s=a[i],e.source===s.contentWindow&&(s.removeAttribute("style"),"height"===t.message?(1e3<(r=parseInt(t.value,10))?r=1e3:~~r<200&&(r=200),s.height=r):"link"===t.message&&(r=new URL(s.getAttribute("src")),n=new URL(t.value),c.test(n.protocol))&&n.host===r.host&&l.activeElement===s&&(d.top.location.href=t.value))}},d.addEventListener("message",d.wp.receiveEmbedMessage,!1),l.addEventListener("DOMContentLoaded",function(){for(var e,t,s=l.querySelectorAll("iframe.wp-embedded-content"),r=0;r<s.length;r++)(t=(e=s[r]).getAttribute("data-secret"))||(t=Math.random().toString(36).substring(2,12),e.src+="#?secret="+t,e.setAttribute("data-secret",t)),e.contentWindow.postMessage({message:"ready",secret:t},"*")},!1)))}(window,document);
//# sourceURL=https://mediterraneanday.com/wp-includes/js/wp-embed.min.js
</script>

Concert del Dia de la Mediterrània a Barcelona 2025 Concert en directe: ﻿ 28 de novembre de 2025, 20 h, Petit Palau, Barcelona. Enguany, el Dia de la Mediterrània adquireix una dimensió especial en coincidir amb el 30è aniversari del Procés de Barcelona. Tres dècades després, Barcelona torna a ser un punt de trobada per ... Llegiu més
